5.
4
Let o be ((-4)/6)/(10/15). Let w be (-2)/(-2) + (-2 - o). Let k(r) = -r + 17. What is the remainder when k(w) is divided by 9?
8
Let k = -2 + 8. Let f = 7 + k. What is the remainder when f is divided by 5?
3
Let x(v) = 7*v**2 + v. Let i = -16 + 16. Suppose -7*w + 52 = -3*w - 4*r, i = -3*w - 3*r + 57. Calculate the remainder when x(2) is divided by w.
14
Let l(q) = -q + 10. Let p be l(10). Suppose -f - 7 - 11 = p. Calculate the remainder when 16 is divided by f/4*6/(-3).
7
Let x be (-12)/8*(-4)/(-3). What is the remainder when 41 is divided by (-29)/(-2) - x/(-4)?
13
Suppose 3 = -3*v - 3. What is the remainder when 11 is divided by -1 - (5/(-1) + v)?
5
Suppose -6*w = -3*w + 39. Let m = 63 - 39. What is the remainder when m is divided by 1/((0 + -1)/w)?
11
Let y(f) = -2*f**3 + 9*f**2 - 5*f + 11. Let i(b) = 3*b**3 - 10*b**2 + 6*b - 12. Let d(r) = 3*i(r) + 4*y(r). What is the remainder when d(-6) is divided by 11?
9
Let s(p) be the first derivative of -p**3/3 - p**2/2 + 30*p - 3. Let g be s(0). Calculate the remainder when (-140)/6*(-36)/g is divided by 15.
13
Suppose 4*h = 3*x + 4, -3*h = h - 4. Suppose 3*n - n - 104 = x. What is the remainder when n is divided by 14?
10
Let g = 35 + -19. Let t = -8 + g. What is the remainder when t is divided by 5?
3
Suppose 5*w + 10 = 0, 8*w = -2*t + 3*w - 2. Let b = -1 + t. What is the remainder when (3/(-2))/((-15)/40) is divided by b?
1
Let u = -102 - -139. What is the remainder when u is divided by 9?
1
Suppose -6*i - i = -126. What is the remainder when (-24)/i*3*-3 is divided by 7?
5
Suppose 40 = s - 2*i - 2*i, -2*s = -3*i - 85. Calculate the remainder when s is divided by 12.
8
Let o(n) = n**3 + 7*n**2 - 7*n - 16. Calculate the remainder when 63 is divided by o(-7).
30
Let h(i) = i + 11. What is the remainder when 37 is divided by h(11)?
15
Let t(l) = -6*l**2 - 3*l - 2. Let p be t(-2). Let f = p - -26. What is the remainder when 23 is divided by f?
5
Let l be -1*-2*3/3. What is the remainder when 17/(l/(0 + 2)) is divided by 9?
8
Let a(f) = -19*f**3 - f**2 - f - 1. What is the remainder when 53 is divided by a(-1)?
17
Let n = -19 - -28. Let l = 15 - -10. What is the remainder when l is divided by n?
7
Suppose -39*w = -30*w - 225. Let d = 26 - 17. What is the remainder when w is divided by d?
7
Let l be 6/(-15) + 6/(-10). Calculate the remainder when (-153)/(-6)*(-4)/(-3) is divided by ((-6)/5)/(l/15).
16
Suppose -5*g + 4*x - x - 9 = 0, -4*g + 3*x = 9. Calculate the remainder when 15 is divided by 6 - (0 + (0 - g)).
3
Let i be (-2)/(0 + (-2)/39). Let m(b) = b**2 + 4. Calculate the remainder when i/(-1)*(-1 - 0) is divided by m(4).
19
Let x = -25 + 41. Suppose -2*j - 100 = 2*m - 4*m, 2*m - 4*j - 98 = 0. Let b = m + -5. Calculate the remainder when b is divided by x.
14
Let w(o) = -2*o + 52. What is the remainder when w(4) is divided by 15?
14
Let u = -69 + 123. Let o be (3 - 4) + -20 + 3. Let v = o - -37. What is the remainder when u is divided by v?
16
Let y(c) = 3*c + 4. Calculate the remainder when y(4) is divided by (6/(-7))/((-10)/70).
4
Let z(u) = 2*u**3 - 4*u**2 + 3*u + 1. What is the remainder when z(3) is divided by 6?
4
Suppose -7*j - 153 = -10*j. Calculate the remainder when j is divided by 14.
9
Let f = 20 + -7. What is the remainder when 88 is divided by f?
10
Let r(q) = 7*q + 5. Calculate the remainder when r(5) is divided by 13/2*2 + 1.
12
Suppose g - 1 = 17. Suppose 0 = 2*i + 4*f - 2 - 4, f - 9 = -2*i. What is the remainder when g is divided by i?
3
Let r = -206 - -223. Calculate the remainder when -2 - (-66 + -2)/1 is divided by r.
15
Suppose 4*t - 8 = -0*t. Let z(l) = l**2 + 1 - 3*l**t + 3*l**2. What is the remainder when z(3) is divided by 4?
2
Let q be (-4)/6 + 312/(-18). Let t be q/15*160/(-6). Calculate the remainder when 888/t - (-6)/(-8) is divided by 14.
13
Let v be 633/(-9) - 4/6. Let s be 1 - (4 - 2) - v. Suppose 10*o = -5*n + 5*o + s, -2 = o. What is the remainder when n is divided by 6?
4
What is the remainder when 7 + 13 + 6/2 is divided by 13?
10
What is the remainder when 255 is divided by 96/(-18)*(0 - 3)?
15
Suppose 0 = -p - 2*p + 21. Calculate the remainder when 21 is divided by p.
0
Let v(g) = -11*g - 2. Let l(f) = -f**3 + f**2 + 3*f - 3. Let s be l(2). What is the remainder when 16 is divided by v(s)?
7
Suppose 7*m = 2*m - 20, 1 = -5*l + m. Let i(z) = 6*z**2 - 1. Let o = 4 - -10. Calculate the remainder when o is divided by i(l).
4
Let i = 87 + -52. Suppose -225 = -a - 2*a. What is the remainder when i is divided by ((-8)/(-10))/(5/a)?
11
Suppose -3*z - 150 = -5*o - z, -30 = -o + 4*z. Let a(x) = x**2 - 7*x - 14. Calculate the remainder when o is divided by a(10).
14
Suppose 0 = -3*t + 63 - 42. Suppose 29 - 129 = -4*f. Calculate the remainder when f is divided by t.
4
Let o = 212 - 198. Let b(k) = k**3 - 5*k**2 + k - 1. Calculate the remainder when o is divided by b(5).
2
Let y(k) = k**2 - 6*k + 3. Let j be y(5). What is the remainder when 1/((-1)/j*1) is divided by 2?
0
Suppose -7*h + 180 = -4*h. Suppose -3*m - 2*m = -h. Calculate the remainder when 21 is divided by m.
9
Let q be (30/(-4))/(4/(-24)). Let f = 73 - q. Let u = -3 - -85. What is the remainder when u is divided by f?
26
Suppose -4*j = -j - 813. Suppose 0 = -n + 2, -3*y - 5*n = -0*y - j. What is the remainder when y is divided by 30?
27
Let a(x) = x**2 - 64. Let g be a(0). Let z = g - -116. Suppose -u + z = u. What is the remainder when u is divided by 14?
12
Suppose -2*y - 22 = v + v, 0 = -y - 2*v - 12. Let w(z) = 2*z + 2. Let k be w(y). Let h = k + 25. Calculate the remainder when 13 is divided by h.
6
Let h be (2 + -1)/((-2)/(-20)). Calculate the remainder when (h/25)/(1/5) is divided by 1.
0
Suppose 0*w = -2*w + 648. Suppose 6*s = 2*s + w. Calculate the remainder when s is divided by 28.
25
Suppose -3*t - 5 = j - 2*j, 0 = 3*j - 2*t - 29. Calculate the remainder when 20 is divided by j.
9
Let z = -88 + 90. Calculate the remainder when 23 is divided by z.
1
Let h = 0 + 5. Let t be ((-6)/(-10) + -1)*h. Let u = t + 8. What is the remainder when 10 is divided by u?
4
Let z be 2/((-6)/3) - -33. Let u = z - 21. What is the remainder when 30 is divided by u?
8
Suppose 2*w = -3*y + 8 + 7, 0 = -5*w + 4*y + 72. Suppose -t = -0*t - w. What is the remainder when 23/(6/2 + -2) is divided by t?
11
Let b be (2/(-4))/(2/(-4)). Let l(f) = 58*f - 1. Calculate the remainder when l(b) is divided by 30.
27
Let q = 56 + -16. Calculate the remainder when q is divided by 14.
12
Suppose 3*b = 3*z - 69, -2*z - 2*z - 5*b = -110. Let u(s) = 3*s**2 - s + 2. Calculate the remainder when u(5) is divided by z.
22
Let s(y) = 14*y - 1. Let k(z) = -11*z + 2. Let l be k(-5). Let a = 81 - l. Calculate the remainder when a is divided by s(1).
11
Suppose 2*l + 1 = l, -4*i = 3*l - 209. Calculate the remainder when 102 is divided by i.
49
Let r(a) = a**2 - 8*a - 32. Calculate the remainder when 65 is divided by r(13).
32
Let t(l) = -4*l + 1. What is the remainder when 53 + -5 + 1 - 1 is divided by t(-4)?
14
Suppose 0 = 10*z - 11*z + 8. Suppose 0 = -u + z + 9. What is the remainder when u is divided by 6?
5
Let k = 21 + -13. Let c(m) = -m**3 - 4*m**2 + 6*m + 3. Let w be c(-5). Let o = w + 5. What is the remainder when k is divided by o?
2
Let o(r) = 6*r - 3. Let j(u) = -1 - u**3 + 13 + 10 + u + 6 + u**2. Calculate the remainder when j(0) is divided by o(3).
13
Let j(t) = t**2 - 4*t + 7. Let a be 3 - 2*(-3)/6. What is the remainder when 12 is divided by j(a)?
5
Let d(g) = 2*g**2 + 5*g + 4. Let m(o) = 2*o**2 - 8*o + 4. Let i be m(5). Let q = i + -2. Calculate the remainder when q is divided by d(-3).
5
Suppose -5*b + 4 = -16. What is the remainder when 11 is divided by b?
3
Let p = 11 - 5. Suppose q = p*q - 145. Calculate the remainder when q is divided by 10.
9
Let v be 1 + (-2 - -4) + -3. Suppose x + 0*x - 29 = v. Let b(t) = 3*t**2 + 3*t - 3. What is the remainder when x is divided by b(-3)?
14
Let g be 1*((-2 - -6) + -1). Suppose -34 = -g*r + 17. What is the remainder when 67 is divided by r?
16
Suppose -5*w + 107 + 58 = 0. Calculate the remainder when w is divided by 18.
15
Let w(c) = -4*c - 9. Let k be (6/12)/(1/(-14)). Calculate the remainder when w(k) is divided by 5.
4
Let n = -56 + 177. Calculate the remainder when n is divided by